{"id":69,"date":"2022-02-20T20:53:41","date_gmt":"2022-02-20T20:53:41","guid":{"rendered":"https:\/\/eolevoile44.fr\/?page_id=69"},"modified":"2026-01-06T10:35:26","modified_gmt":"2026-01-06T10:35:26","slug":"stages","status":"publish","type":"page","link":"https:\/\/eolevoile44.fr\/?page_id=69","title":{"rendered":"Stages"},"content":{"rendered":"\n<div class=\"wp-block-cover alignfull is-light\" style=\"padding-top:0px;padding-bottom:0px;min-height:60px;aspect-ratio:unset;\"><span aria-hidden=\"true\" class=\"wp-block-cover__background has-background-dim-80 has-background-dim\" style=\"background-color:#a37c3d\"><\/span><div class=\"wp-block-cover__inner-container is-layout-flow wp-block-cover-is-layout-flow\">\n<p class=\"has-text-align-center has-background-color has-text-color has-large-font-size\" style=\"font-style:normal;font-weight:300;letter-spacing:10px\">STAGES<\/p>\n<\/div><\/div>\n\n\n\n<div class=\"wp-block-cover alignfull has-parallax\" style=\"min-height:1068px;aspect-ratio:unset;\"><div class=\"wp-block-cover__image-background wp-image-240 has-parallax\" style=\"background-position:50% 50%;background-image:url(https:\/\/eolevoile44.fr\/wp-content\/uploads\/2022\/03\/IMG-1735-1-e1646340821801.jpg)\"><\/div><span aria-hidden=\"true\" class=\"wp-block-cover__background has-background-dim-0 has-background-dim\"><\/span><div class=\"wp-block-cover__inner-container is-layout-flow wp-block-cover-is-layout-flow\">\n<p class=\"has-text-align-center has-background-color has-text-color has-small-font-size\" style=\"font-style:normal;font-weight:300;line-height:1\">Les stages se d\u00e9roulent durant la SAISON ESTIVALE <em>( juillet-ao\u00fbt )<\/em>, du<strong> lundi au vendredi<\/strong>, <strong>matin ou apr\u00e8s-midi<\/strong>, encadr\u00e9s par une \u00e9quipe de moniteur.rice.s dipl\u00f4m\u00e9.e.s.<\/p>\n\n\n\n<p class=\"has-text-align-center tw-mb-6 has-background-color has-text-color has-small-font-size\" style=\"font-style:normal;font-weight:300;line-height:1\"><br><strong>\/!\\<\/strong> Merci de respecter la <strong>limitation d&rsquo;\u00e2ge<\/strong> ou la r\u00e9servation ne sera pas valid\u00e9e<strong> \/!\\<\/strong><\/p>\n\n\n\n<p class=\"has-text-align-center has-background-color has-text-color\">Carte bancaire, ch\u00e8ques et esp\u00e8ces accept\u00e9s<\/p>\n\n\n\n<p><\/p>\n\n\n\n<figure class=\"wp-block-image aligncenter size-medium is-style-rounded\"><img loading=\"lazy\" decoding=\"async\" width=\"238\" height=\"300\" sizes=\"auto, (max-width: 799px) 200vw, (max-width: 1025px) 100vw, 1025px\" src=\"https:\/\/eolevoile44.fr\/wp-content\/uploads\/2024\/02\/173681279_1108109896267873_238318966636437088_n-238x300.jpg\" alt=\"\" class=\"wp-image-1723\" srcset=\"https:\/\/eolevoile44.fr\/wp-content\/uploads\/2024\/02\/173681279_1108109896267873_238318966636437088_n-238x300.jpg 238w, https:\/\/eolevoile44.fr\/wp-content\/uploads\/2024\/02\/173681279_1108109896267873_238318966636437088_n-811x1024.jpg 811w, https:\/\/eolevoile44.fr\/wp-content\/uploads\/2024\/02\/173681279_1108109896267873_238318966636437088_n-768x970.jpg 768w, https:\/\/eolevoile44.fr\/wp-content\/uploads\/2024\/02\/173681279_1108109896267873_238318966636437088_n-1217x1536.jpg 1217w, https:\/\/eolevoile44.fr\/wp-content\/uploads\/2024\/02\/173681279_1108109896267873_238318966636437088_n-600x758.jpg 600w, https:\/\/eolevoile44.fr\/wp-content\/uploads\/2024\/02\/173681279_1108109896267873_238318966636437088_n.jpg 1622w\" \/><\/figure>\n\n\n\n<p><\/p>\n\n\n\n<div class=\"wp-block-columns is-layout-flex wp-container-core-columns-is-layout-d0b3c9c8 wp-block-columns-is-layout-flex\">\n<div class=\"wp-block-column is-layout-flow wp-block-column-is-layout-flow\" style=\"padding-top:4px;padding-right:4px;padding-bottom:4px;padding-left:4px\">\n<p><\/p>\n\n\n\n<p><\/p>\n\n\n\n<p class=\"has-text-align-center has-background-color has-text-color has-small-font-size\" style=\"letter-spacing:3px\">OPTIMIST<\/p>\n\n\n\n<figure class=\"wp-block-image aligncenter size-thumbnail is-style-rounded\"><img loading=\"lazy\" decoding=\"async\" width=\"150\" height=\"150\" src=\"https:\/\/eolevoile44.fr\/wp-content\/uploads\/2022\/03\/E7EF40DC-6B42-4092-BE7D-28B159A22E9E-150x150.jpg\" alt=\"\" class=\"wp-image-241\" srcset=\"https:\/\/eolevoile44.fr\/wp-content\/uploads\/2022\/03\/E7EF40DC-6B42-4092-BE7D-28B159A22E9E-150x150.jpg 150w, https:\/\/eolevoile44.fr\/wp-content\/uploads\/2022\/03\/E7EF40DC-6B42-4092-BE7D-28B159A22E9E-300x300.jpg 300w, https:\/\/eolevoile44.fr\/wp-content\/uploads\/2022\/03\/E7EF40DC-6B42-4092-BE7D-28B159A22E9E-1024x1024.jpg 1024w, https:\/\/eolevoile44.fr\/wp-content\/uploads\/2022\/03\/E7EF40DC-6B42-4092-BE7D-28B159A22E9E-768x768.jpg 768w, https:\/\/eolevoile44.fr\/wp-content\/uploads\/2022\/03\/E7EF40DC-6B42-4092-BE7D-28B159A22E9E-1536x1536.jpg 1536w, https:\/\/eolevoile44.fr\/wp-content\/uploads\/2022\/03\/E7EF40DC-6B42-4092-BE7D-28B159A22E9E-2048x2048.jpg 2048w, https:\/\/eolevoile44.fr\/wp-content\/uploads\/2022\/03\/E7EF40DC-6B42-4092-BE7D-28B159A22E9E-450x450.jpg 450w, https:\/\/eolevoile44.fr\/wp-content\/uploads\/2022\/03\/E7EF40DC-6B42-4092-BE7D-28B159A22E9E-600x600.jpg 600w, https:\/\/eolevoile44.fr\/wp-content\/uploads\/2022\/03\/E7EF40DC-6B42-4092-BE7D-28B159A22E9E-100x100.jpg 100w\" sizes=\"auto, (max-width: 150px) 100vw, 150px\" \/><\/figure>\n\n\n\n<div class=\"wp-block-cover is-light is-style-default\" style=\"padding-top:0px;padding-right:0px;padding-bottom:0px;padding-left:0px;min-height:186px;aspect-ratio:unset;\"><span aria-hidden=\"true\" class=\"wp-block-cover__background has-background-dim-0 has-background-dim\"><\/span><div class=\"wp-block-cover__inner-container is-layout-flow wp-block-cover-is-layout-flow\">\n<p class=\"has-text-align-center has-background-color has-text-color has-small-font-size\" style=\"font-style:normal;font-weight:300\"><strong>\u00c0 partir de 6 ans<\/strong><br>5 x 1H 30 &#8230;&#8230;&#8230;&#8230;&#8230; 155 \u20ac<br>9H 30 &#8211; 11H<br>11H &#8211; 12H 30<br>14H &#8211; 15H 30<\/p>\n<\/div><\/div>\n\n\n\n<div class=\"wp-block-buttons is-content-justification-center is-layout-flex wp-container-core-buttons-is-layout-502c3a3a wp-block-buttons-is-layout-flex\">\n<div class=\"wp-block-button is-style-fill\"><a class=\"wp-block-button__link has-foreground-color has-background-background-color has-text-color has-background has-small-font-size has-custom-font-size wp-element-button\" href=\"https:\/\/eolevoile44.fr\/?page_id=83\">RESERVEZ<\/a><\/div>\n<\/div>\n\n\n\n<div class=\"wp-block-buttons is-layout-flex wp-block-buttons-is-layout-flex\"><\/div>\n<\/div>\n\n\n\n<div class=\"wp-block-column is-layout-flow wp-block-column-is-layout-flow\" style=\"padding-top:4px;padding-right:4px;padding-bottom:4px;padding-left:4px\">\n<p><\/p>\n\n\n\n<p><\/p>\n\n\n\n<p class=\"has-text-align-center has-background-color has-text-color has-small-font-size\" style=\"letter-spacing:3px\">CATSY<\/p>\n\n\n\n<figure class=\"wp-block-image aligncenter size-thumbnail is-style-rounded\"><img loading=\"lazy\" decoding=\"async\" width=\"150\" height=\"150\" src=\"https:\/\/eolevoile44.fr\/wp-content\/uploads\/2025\/08\/DSC00568-150x150.jpg\" alt=\"\" class=\"wp-image-2675\" srcset=\"https:\/\/eolevoile44.fr\/wp-content\/uploads\/2025\/08\/DSC00568-150x150.jpg 150w, https:\/\/eolevoile44.fr\/wp-content\/uploads\/2025\/08\/DSC00568-450x450.jpg 450w, https:\/\/eolevoile44.fr\/wp-content\/uploads\/2025\/08\/DSC00568-100x100.jpg 100w\" sizes=\"auto, (max-width: 150px) 100vw, 150px\" \/><\/figure>\n\n\n\n<div class=\"wp-block-cover is-style-default\" style=\"padding-top:0px;padding-right:0px;padding-bottom:0px;padding-left:0px;min-height:209px;aspect-ratio:unset;\"><span aria-hidden=\"true\" class=\"wp-block-cover__background has-primary-background-color has-background-dim-0 has-background-dim\"><\/span><div class=\"wp-block-cover__inner-container is-layout-flow wp-block-cover-is-layout-flow\">\n<p class=\"has-text-align-center has-background-color has-text-color has-small-font-size\" style=\"font-style:normal;font-weight:300\"><strong>De 9 \u00e0 11 ans<\/strong><br>5 x 2H &#8230;&#8230;&#8230;&#8230;&#8230;&#8230; 175 \u20ac<br>9H &#8211; 11H<br>11H &#8211; 13H<br>14H &#8211; 16H<br>16H &#8211; 18H<\/p>\n<\/div><\/div>\n\n\n\n<div class=\"wp-block-buttons is-content-justification-center is-layout-flex wp-container-core-buttons-is-layout-a89b3969 wp-block-buttons-is-layout-flex\">\n<div class=\"wp-block-button\"><a class=\"wp-block-button__link has-foreground-color has-background-background-color has-text-color has-background has-small-font-size has-custom-font-size wp-element-button\" href=\"https:\/\/eolevoile44.fr\/?page_id=298\">RESERVEZ<\/a><\/div>\n<\/div>\n<\/div>\n\n\n\n<div class=\"wp-block-column is-layout-flow wp-block-column-is-layout-flow\" style=\"padding-top:4px;padding-right:4px;padding-bottom:4px;padding-left:4px\">\n<p><\/p>\n\n\n\n<p><\/p>\n\n\n\n<p class=\"has-text-align-center has-background-color has-text-color has-small-font-size\" style=\"letter-spacing:3px\">DRAGOON<\/p>\n\n\n\n<figure class=\"wp-block-image aligncenter size-thumbnail is-style-rounded\"><img loading=\"lazy\" decoding=\"async\" width=\"150\" height=\"150\" src=\"https:\/\/eolevoile44.fr\/wp-content\/uploads\/2025\/08\/DSC00618-scaled-e1755092445925-150x150.jpg\" alt=\"\" class=\"wp-image-2679\" srcset=\"https:\/\/eolevoile44.fr\/wp-content\/uploads\/2025\/08\/DSC00618-scaled-e1755092445925-150x150.jpg 150w, https:\/\/eolevoile44.fr\/wp-content\/uploads\/2025\/08\/DSC00618-scaled-e1755092445925-450x450.jpg 450w, https:\/\/eolevoile44.fr\/wp-content\/uploads\/2025\/08\/DSC00618-scaled-e1755092445925-100x100.jpg 100w\" sizes=\"auto, (max-width: 150px) 100vw, 150px\" \/><\/figure>\n\n\n\n<div class=\"wp-block-cover is-style-default\" style=\"padding-top:0px;padding-right:0px;padding-bottom:0px;padding-left:0px;min-height:181px;aspect-ratio:unset;\"><span aria-hidden=\"true\" class=\"wp-block-cover__background has-primary-background-color has-background-dim-0 has-background-dim\"><\/span><div class=\"wp-block-cover__inner-container is-layout-flow wp-block-cover-is-layout-flow\">\n<p class=\"has-text-align-center has-background-color has-text-color has-small-font-size\" style=\"font-style:normal;font-weight:300\"><strong>De 12 \u00e0 14 ans<\/strong><br>5 x 2H &#8230;&#8230;&#8230;&#8230;&#8230;&#8230; 180 \u20ac<br>9H &#8211; 11H<br>11H &#8211; 13H<br>14H &#8211; 16H<\/p>\n<\/div><\/div>\n\n\n\n<div class=\"wp-block-buttons is-content-justification-center is-layout-flex wp-container-core-buttons-is-layout-a89b3969 wp-block-buttons-is-layout-flex\">\n<div class=\"wp-block-button\"><a class=\"wp-block-button__link has-foreground-color has-background-background-color has-text-color has-background has-small-font-size has-custom-font-size wp-element-button\" href=\"https:\/\/eolevoile44.fr\/?page_id=300\">RESERVEZ<\/a><\/div>\n<\/div>\n<\/div>\n\n\n\n<div class=\"wp-block-column is-layout-flow wp-block-column-is-layout-flow\" style=\"padding-top:4px;padding-right:4px;padding-bottom:4px;padding-left:4px\">\n<p><\/p>\n\n\n\n<p><\/p>\n\n\n\n<p class=\"has-text-align-center has-background-color has-text-color has-small-font-size\" style=\"letter-spacing:3px\">HOBIE CAT 16<\/p>\n\n\n\n<figure class=\"wp-block-image aligncenter size-thumbnail is-style-rounded\"><img loading=\"lazy\" decoding=\"async\" width=\"150\" height=\"150\" src=\"https:\/\/eolevoile44.fr\/wp-content\/uploads\/2025\/08\/DSC00614-150x150.jpg\" alt=\"\" class=\"wp-image-2677\" srcset=\"https:\/\/eolevoile44.fr\/wp-content\/uploads\/2025\/08\/DSC00614-150x150.jpg 150w, https:\/\/eolevoile44.fr\/wp-content\/uploads\/2025\/08\/DSC00614-450x450.jpg 450w, https:\/\/eolevoile44.fr\/wp-content\/uploads\/2025\/08\/DSC00614-100x100.jpg 100w\" sizes=\"auto, (max-width: 150px) 100vw, 150px\" \/><\/figure>\n\n\n\n<div class=\"wp-block-cover is-style-default\" style=\"padding-top:0px;padding-right:0px;padding-bottom:0px;padding-left:0px;min-height:181px;aspect-ratio:unset;\"><span aria-hidden=\"true\" class=\"wp-block-cover__background has-primary-background-color has-background-dim-0 has-background-dim\"><\/span><div class=\"wp-block-cover__inner-container is-layout-flow wp-block-cover-is-layout-flow\">\n<p class=\"has-text-align-center has-background-color has-text-color has-small-font-size\" style=\"font-style:normal;font-weight:300\"><strong>\u00c0 partir de 15 ans (50kg) <\/strong><\/p>\n\n\n\n<p class=\"has-text-align-center has-background-color has-text-color has-small-font-size\" style=\"font-style:normal;font-weight:300\">5 x 2H &#8230;&#8230;&#8230;&#8230;&#8230;&#8230; 190 \u20ac<br>9H &#8211; 11H<br>11H &#8211; 13H<br>14H &#8211; 16H<\/p>\n<\/div><\/div>\n\n\n\n<div class=\"wp-block-buttons is-content-justification-center is-layout-flex wp-container-core-buttons-is-layout-a89b3969 wp-block-buttons-is-layout-flex\">\n<div class=\"wp-block-button\"><a class=\"wp-block-button__link has-foreground-color has-background-background-color has-text-color has-background has-small-font-size has-custom-font-size wp-element-button\" href=\"https:\/\/eolevoile44.fr\/?page_id=295\">RESERVEZ<\/a><\/div>\n<\/div>\n<\/div>\n\n\n\n<div class=\"wp-block-column is-layout-flow wp-block-column-is-layout-flow\" style=\"padding-top:4px;padding-right:4px;padding-bottom:4px;padding-left:4px\">\n<p><\/p>\n\n\n\n<p><\/p>\n\n\n\n<p class=\"has-text-align-center has-background-color has-text-color has-small-font-size\" style=\"letter-spacing:3px\">PLANCHE \u00c0 VOILE<\/p>\n\n\n\n<figure class=\"wp-block-image aligncenter size-thumbnail is-style-rounded\"><img loading=\"lazy\" decoding=\"async\" width=\"150\" height=\"150\" src=\"https:\/\/eolevoile44.fr\/wp-content\/uploads\/2022\/03\/plancheavoile-1-edited-150x150.jpg\" alt=\"\" class=\"wp-image-245\" srcset=\"https:\/\/eolevoile44.fr\/wp-content\/uploads\/2022\/03\/plancheavoile-1-edited-150x150.jpg 150w, https:\/\/eolevoile44.fr\/wp-content\/uploads\/2022\/03\/plancheavoile-1-edited-300x300.jpg 300w, https:\/\/eolevoile44.fr\/wp-content\/uploads\/2022\/03\/plancheavoile-1-edited-1024x1024.jpg 1024w, https:\/\/eolevoile44.fr\/wp-content\/uploads\/2022\/03\/plancheavoile-1-edited-768x768.jpg 768w, https:\/\/eolevoile44.fr\/wp-content\/uploads\/2022\/03\/plancheavoile-1-edited-450x450.jpg 450w, https:\/\/eolevoile44.fr\/wp-content\/uploads\/2022\/03\/plancheavoile-1-edited-600x600.jpg 600w, https:\/\/eolevoile44.fr\/wp-content\/uploads\/2022\/03\/plancheavoile-1-edited-100x100.jpg 100w, https:\/\/eolevoile44.fr\/wp-content\/uploads\/2022\/03\/plancheavoile-1-edited.jpg 1535w\" sizes=\"auto, (max-width: 150px) 100vw, 150px\" \/><\/figure>\n\n\n\n<div class=\"wp-block-cover is-style-default\" style=\"padding-top:0px;padding-right:0px;padding-bottom:0px;padding-left:0px;min-height:181px;aspect-ratio:unset;\"><span aria-hidden=\"true\" class=\"wp-block-cover__background has-primary-background-color has-background-dim-0 has-background-dim\"><\/span><div class=\"wp-block-cover__inner-container is-layout-flow wp-block-cover-is-layout-flow\">\n<p class=\"has-text-align-center has-background-color has-text-color has-small-font-size\" style=\"font-style:normal;font-weight:300\"><strong>\u00c0 partir de 14 ans<\/strong><br>5 x 1h 30 &#8230;&#8230;&#8230;&#8230;.. 165 \u20ac<br>9H 30 &#8211; 11H<br>11H &#8211; 12H 30<br>14H &#8211; 15H 30<\/p>\n<\/div><\/div>\n\n\n\n<div class=\"wp-block-buttons is-content-justification-center is-layout-flex wp-container-core-buttons-is-layout-a89b3969 wp-block-buttons-is-layout-flex\">\n<div class=\"wp-block-button\"><a class=\"wp-block-button__link has-foreground-color has-background-background-color has-text-color has-background has-small-font-size has-custom-font-size wp-element-button\" href=\"https:\/\/eolevoile44.fr\/?page_id=168\">RESERVEZ<\/a><\/div>\n<\/div>\n<\/div>\n<\/div>\n\n\n\n<div class=\"wp-block-columns is-layout-flex wp-container-core-columns-is-layout-d0b3c9c8 wp-block-columns-is-layout-flex\">\n<div class=\"wp-block-column is-layout-flow wp-block-column-is-layout-flow\"><\/div>\n<\/div>\n<\/div><\/div>\n","protected":false},"excerpt":{"rendered":"","protected":false},"author":1,"featured_media":0,"parent":0,"menu_order":0,"comment_status":"closed","ping_status":"closed","template":"","meta":{"tteo2020_transparent_header":false,"om_disable_all_campaigns":false,"_monsterinsights_skip_tracking":false,"_monsterinsights_sitenote_active":false,"_monsterinsights_sitenote_note":"","_monsterinsights_sitenote_category":0,"footnotes":""},"class_list":["post-69","page","type-page","status-publish","hentry"],"aioseo_notices":[],"_links":{"self":[{"href":"https:\/\/eolevoile44.fr\/index.php?rest_route=\/wp\/v2\/pages\/69","targetHints":{"allow":["GET"]}}],"collection":[{"href":"https:\/\/eolevoile44.fr\/index.php?rest_route=\/wp\/v2\/pages"}],"about":[{"href":"https:\/\/eolevoile44.fr\/index.php?rest_route=\/wp\/v2\/types\/page"}],"author":[{"embeddable":true,"href":"https:\/\/eolevoile44.fr\/index.php?rest_route=\/wp\/v2\/users\/1"}],"replies":[{"embeddable":true,"href":"https:\/\/eolevoile44.fr\/index.php?rest_route=%2Fwp%2Fv2%2Fcomments&post=69"}],"version-history":[{"count":51,"href":"https:\/\/eolevoile44.fr\/index.php?rest_route=\/wp\/v2\/pages\/69\/revisions"}],"predecessor-version":[{"id":2697,"href":"https:\/\/eolevoile44.fr\/index.php?rest_route=\/wp\/v2\/pages\/69\/revisions\/2697"}],"wp:attachment":[{"href":"https:\/\/eolevoile44.fr\/index.php?rest_route=%2Fwp%2Fv2%2Fmedia&parent=69"}],"curies":[{"name":"wp","href":"https:\/\/api.w.org\/{rel}","templated":true}]}}